d is divided by 9?
1
Suppose 4*u - 47 = -3*c, -4*u + 0*c = -2*c - 62. What is the remainder when u is divided by (15/(-6) - -2)*-10?
4
Suppose -3*z + 4*d + 206 + 1 = 0, 5*d = 3*z - 210. Let v = 18 - z. Let r = v - -81. Calculate the remainder when r is divided by 18.
16
Suppose -16*q = -12*q - 84. Calculate the remainder when 81 is divided by q.
18
Suppose -10 = 4*f + 50. Let n = f - -28. Suppose -11*t + 451 = 55. What is the remainder when t is divided by n?
10
What is the remainder when 22/(-1*(-2)/4) is divided by (-10)/4*(-7 - -1)?
14
What is the remainder when 11 is divided by 6/4*(5 - 5/(-15))?
3
What is the remainder when 3 is divided by (-2)/(-3) - (-28)/12?
0
Let j(g) = -g**3 - 6*g**2 - 5*g - 9. Calculate the remainder when 41 is divided by j(-6).
20
Let c(s) = -8*s + 4*s**3 + 11*s - 2 + 5*s**3. What is the remainder when 48 is divided by c(1)?
8
Let v(z) = -z**2 - 11*z + 12. Calculate the remainder when 34 is divided by v(-11).
10
Suppose 2*d - 2*m + 9 = m, -m = 3*d + 19. What is the remainder when 1 + (-123)/d*2 is divided by 15?
12
Let k = 12 - 20. Let o = k - -9. What is the remainder when 52 is divided by ((-3)/4)/(o/(-24))?
16
Suppose -o + 2 + 9 = 0. What is the remainder when o is divided by 2/10 + (-87)/(-15)?
5
Suppose 3*h - 2 = 7. Suppose 8 = 2*b + h*c - 17, -2*c = b - 14. What is the remainder when 14 is divided by b?
6
Let a(x) = 7*x**2 - 9*x + 4. Let d be a(7). What is the remainder when 46 is divided by (-6)/(-27) - d/(-18)?
14
Suppose 0 = n - 2*n. Suppose n = -7*c + 8*c - 12. Calculate the remainder when c is divided by 5.
2
Let o(u) = -4*u. What is the remainder when (-362)/(-8) - (-2)/(-8) is divided by o(-4)?
13
Let z be (1/3)/(2/(-18)). Calculate the remainder when 2 + 56/2 + z is divided by 7.
6
Suppose 5 = p - 6. What is the remainder when 19 is divided by p?
8
Let t be (-261)/6 - (-4)/(-8). What is the remainder when ((-17)/4)/(11/t) is divided by 5?
2
Let x(y) = 2*y**2 - 8*y + 2. What is the remainder when x(-4) is divided by 17?
15
Let w = -7 - -8. Suppose 0 = -2*r + v + 3, 7 = -3*r + 4*v - w. What is the remainder when r is divided by 3?
1
Let l(v) = -6*v + 36. What is the remainder when l(-17) is divided by 20?
18
Let l(q) = 2*q - 1. Let y be l(2). Suppose 2*n + 4*a = 22, 3*n - y*a + a = 1. What is the remainder when 3 is divided by n?
0
Suppose -2*h - 4*i = h - 60, h - 20 = 3*i. What is the remainder when h is divided by 12?
8
Suppose 3*k - 28 = -k. Suppose -5*o = -3*n - 31, 3*o = -2*n - 2*n + k. Calculate the remainder when o is divided by 2.
1
Let i be 24*(21/12 - 1). Suppose b = -b + i. Calculate the remainder when 15 is divided by b.
6
Let g(q) = 2*q**2 - 3*q - 5. Calculate the remainder when 43 is divided by g(4).
13
Suppose 4*p = -2*o + 30, 0 = -4*p + 3*o - 9 + 24. Suppose 5*b = 20*b - 135. What is the remainder when b is divided by p?
3
Let p(w) = 109*w**3 - 2*w**2 - w + 2. What is the remainder when p(1) is divided by 28?
24
Let s(o) be the first derivative of -o**3/3 - 2*o**2 - 2. What is the remainder when s(-3) is divided by 3?
0
Suppose 3*o + 4 = -2*y + 2*o, 0 = -5*y + 3*o + 12. Let r(b) = -b**2 + b + 12. Calculate the remainder when 33 is divided by r(y).
9
Calculate the remainder when (0 - (-8)/3)*63/12 is divided by 5.
4
Suppose -2*c = -3*b + 8, 0 = 2*c + 3*c - 10. Suppose 21 = r - b*r. Let z = 3 - r. What is the remainder when z is divided by 6?
4
Let v = 30 - -1. What is the remainder when v is divided by 16?
15
Calculate the remainder when ((-5)/(-2))/(6/12) is divided by 3.
2
Suppose j + 54 = 137. What is the remainder when j is divided by 21?
20
Suppose -4*h = -3*f - 91, -f = h - 24 + 3. What is the remainder when 79 is divided by h?
13
Suppose 2*f + 2*t - 16 = 32, 5*f - 4*t - 75 = 0. Let k = 3 + -4. What is the remainder when f is divided by k*(-4 - (0 + 1))?
4
Let a = 3 - 4. Suppose -26*o = -21*o - 95. Calculate the remainder when o is divided by 58/8 + a/4.
5
Suppose 2 = -4*b + 2*b. Let t(i) = 34*i**2. What is the remainder when t(b) is divided by 18?
16
Let q = 4 - -1. Calculate the remainder when q is divided by (-1)/(((-2)/3)/2).
2
Let g = -97 + 113. Calculate the remainder when g is divided by 10.
6
Let i(l) = -30*l + 21. What is the remainder when i(-3) is divided by 59?
52
Suppose -2*q - 8 = -0, -4*q = 4*l - 68. Suppose 0 = 3*u - 2*s + 27, -2*s - 9 = u - 7*s. Let y = l + u. Calculate the remainder when y is divided by 5.
2
Suppose -43 - 12 = -5*i. What is the remainder when 30 is divided by i?
8
Suppose 41 = -i - 0. Let z = i + 79. Let l = 24 + -11. What is the remainder when z is divided by l?
12
Suppose -4*n + 3*n + 12 = j, 0 = -j + 2*n + 21. Let w(u) = -u**2 - 11*u - 15. Calculate the remainder when j is divided by w(-8).
6
Let h be (55 - 1) + (-10)/5. Calculate the remainder when 25 is divided by ((-2)/(-4))/(2/h).
12
Suppose 2*u - 2*z + 90 = 6*u, 2*u - 41 = -5*z. Let m(c) = c**2 + 15*c. Let i be m(-14). Let h = -2 - i. Calculate the remainder when u is divided by h.
11
What is the remainder when (0 - 0) + (-186)/(-3) is divided by 13?
10
Suppose 5*b = -w + 50, -3*b + 2*b = w - 6. Suppose 14 + 0 = s. Let k = 5 + s. What is the remainder when k is divided by b?
8
Let p = 53 - 32. Let s = p + -6. Calculate the remainder when s is divided by 8.
7
Let n be ((-26)/(-3))/((-3)/9). Let z = n - 3. Let g = 11 - z. Calculate the remainder when g is divided by 14.
12
Let c(q) = 4*q - 3. Suppose 2*v - 1 = 3. Let r be c(v). Suppose l + 1 = 0, -o - r + 6 = 2*l. Calculate the remainder when 4 is divided by o.
1
Let f = 2 + 2. Suppose -3*m = f*i - 5*m - 62, -5*i - 4*m = -71. Calculate the remainder when 27 is divided by i.
12
Let w = 20 + -15. Calculate the remainder when w is divided by 2.
1
Let k(a) = a**2 - 3*a - 25. Suppose 0 = 4*g + 2*v - 98 + 10, 0 = 5*v. Calculate the remainder when k(11) is divided by g.
19
Let u(o) = -o + 5. Let b be u(7). Let x be (3 - -16)*(-4)/b. Let j = x + -21. What is the remainder when j is divided by 6?
5
Let d be (-6)/5*15/(-6). Let q = -14 - -6. What is the remainder when (74/q)/(d/(-12)) is divided by 13?
11
Let k(q) = -q**3 - 8*q**2 + 16*q + 13. Suppose 3*n - 4*n + 2*h - 12 = 0, 5*n + 2*h + 48 = 0. Calculate the remainder when k(n) is divided by 18.
17
Let b(c) = c - 1. What is the remainder when 14 is divided by b(4)?
2
Let u = -82 + 87. Calculate the remainder when 113 is divided by u.
3
Let l be (1 + -10)/(-1) + -1. Suppose 4*r + 12 = l*r. Let y(f) = -f + 5. What is the remainder when y(0) is divided by r?
2
Let m = -110 + 38. What is the remainder when 14/(-49) + m/(-7) is divided by 6?
4
Suppose 2*t + 2*t = 28. Suppose -32 = -2*b - 2*b. Let x = b - 5. What is the remainder when t is divided by x?
1
Let x = 11 + -6. Suppose 1 - x = -b. Suppose 0 = 3*q + 2*h - 34, h - 31 = -3*q - b*h. What is the remainder when 22 is divided by q?
10
Let u(t) = -t**3 + t**2 + t + 26. Let a be u(0). Let o = -7 + a. Let x(p) = -p**2 - 9*p - 1. What is the remainder when o is divided by x(-8)?
5
Let q be (2/6)/((-2)/30). Let r(p) = -p**3 - 3*p**2 + 7. Let o(v) = v**2 + 4*v + 3. Calculate the remainder when r(q) is divided by o(-6).
12
Let u = 83 + -43. Calculate the remainder when u is divided by 9.
4
Suppose -9 - 16 = -y. Suppose 6*l = l + y. Let n = 290 + -281. What is the remainder when n is divided by l?
4
Suppose 180 = -5*n - g - 46, -g = -2*n - 89. Suppose -3*u - 3*i - 135 = 84, 3*i = 4*u + 257. Let b = n - u. Calculate the remainder when b is divided by 12.
11
Suppose 0 = 2*h - 0 - 14. Suppose 0 = -5*z - 25, 2*i - h*i + 20 = 5*z. Calculate the remainder when i is divided by 6.
3
Let c(r) = r**3 - 2*r**2 - r + 3. Let n be c(3). Let y(a) = 2*a**2 - 9*a - 10. Calculate the remainder when y(n) is divided by 18.
17
Suppose 4*o - 295 = 53. Calculate the remainder when o is divided by 46.
41
Let x be (1 - (-1 + -2))/2. Let o be (-2)/(-8) + (-357)/(-12). Suppose -x*v + o = -0*v. Calculate the remainder when 28 is divided by v.
13
Let h(s) = s + 1. Let m be h(-4). Suppose -90 = -5*u - 25. What is the remainder when 222/9 - (-2)/m is divided by u?
11
Let v = -21 + 5. Let b = -5 - v. Calculate the remainder when 31 is divided by b.
9
Suppose 4*z = 2*d - 12, -3*d = d - z - 10. Suppose -3*x = -2*u - 24, -x + 9 = -3*u + 2*u. Suppose -j = -x*j + 5. Calculate the remainder w